{"id":47561,"date":"2025-11-26T10:48:24","date_gmt":"2025-11-26T08:48:24","guid":{"rendered":"https:\/\/www.lawall-stoehr.de\/shop\/?product=gutschein-ueber-weineinkauf-ab"},"modified":"2025-11-26T10:48:24","modified_gmt":"2025-11-26T08:48:24","slug":"gutschein-ueber-weineinkauf-ab","status":"publish","type":"product","link":"https:\/\/www.lawall-stoehr.de\/shop\/?product=gutschein-ueber-weineinkauf-ab","title":{"rendered":"<br>Gutschein \u00fcber Weineinkauf ab<br>"},"content":{"rendered":"<div align=\"left\"><font size=\"1\">Gutschein \u00fcber Weineinkauf ab<\/p>\n<p>        <font color=\"#666666\"><!-- IBGHTML --><\/p>\n<p align=\"center\"><font color=\"#808080\" face=\"Frutiger 47 Light Condensed\"><font face=\"Times New Roman\"><font><font><font color=\"#000000\"><strong>Das perfekte Geschenk f\u00fcr Weinliebhaber oder f\u00fcr&nbsp;DIE die es noch werden wollen.<\/strong><br \/><\/font><\/font><\/font><\/font><font><font><font color=\"#ffff00\"><font color=\"#949494\"><font color=\"#a60000\"><font color=\"#000000\"><strong>Einsatzm\u00f6glichkeiten gibt es viele: Geburtstag, Hochzeit, Weihnachten .<br \/><\/strong><font color=\"#deaf41\" face=\"Times New Roman\"><font color=\"#000000\">Bitte vermerken Sie in der Kasse -Rubrik Bestellnotiz- &nbsp;den Wert&nbsp;des Gutscheines, sollte er h\u00f6her wie oder niedriger wie 50,00 \u20ac liegen.<\/font><font color=\"#ff0000\"><font color=\"#a7a7a7\"><font color=\"#c7120e\"><font color=\"#ffffff\"><font color=\"#8080c0\"><font color=\"#808040\"><font color=\"#deaf41\"><font color=\"#deaf41\"><\/font><\/font><\/font><\/font><\/font><\/font><\/font><\/font><font color=\"#a7a7a7\"><font color=\"#c7120e\"><font color=\"#ffffff\"><\/font><\/font><\/font><\/font><\/font><\/font><\/font><\/font><font color=\"#a7a7a7\"><\/font><\/font><font color=\"#a7a7a7\"><\/font><\/font><font color=\"#a7a7a7\"><\/font><font color=\"#c7120e\"><\/font><font color=\"#ffffff\"><\/font><font color=\"#ff0000\"><\/font><font color=\"#8080c0\"><\/font><font color=\"#808040\"><\/font><font color=\"#deaf41\"><font color=\"#deaf41\"><\/font><\/font><font color=\"#deaf41\"><\/font><font color=\"#dcad0e\"><font color=\"#f0bd0f\"><\/font><\/font><font color=\"#f0bd0f\"><\/font><\/font><\/p>\n<p><\/font><\/p>\n<p><\/font><\/div>\n<table WIDTH=\"60%\" BORDER=\"0\" align=\"left\" CELLPADDING=\"0\" CELLSPACING=\"0\"><\/p>\n<tr><\/p>\n<td width=\"53%\"><font size=\"-1\">Artikelnummer:<\/font><\/td>\n<td width=\"47%\"><font size=\"-1\"><strong>1010<\/strong><\/font><\/td>\n<p><\/tr>\n<\/table>\n","protected":false},"excerpt":{"rendered":"<p>Gutschein \u00fcber Weineinkauf ab Das perfekte Geschenk f\u00fcr Weinliebhaber oder f\u00fcr&nbsp;DIE die es noch werden wollen.Einsatzm\u00f6glichkeiten gibt es viele: Geburtstag, Hochzeit, Weihnachten .Bitte vermerken Sie in der Kasse -Rubrik Bestellnotiz- &nbsp;den Wert&nbsp;des Gutscheines, sollte er h\u00f6her wie oder niedriger wie 50,00 \u20ac liegen. Artikelnummer: 1010<\/p>\n","protected":false},"featured_media":47551,"comment_status":"open","ping_status":"closed","template":"","meta":[],"product_brand":[],"product_cat":[7022,7023],"product_tag":[],"class_list":{"0":"post-47561","1":"product","2":"type-product","3":"status-publish","4":"has-post-thumbnail","6":"product_cat-gutschein-fuer-weineinkauf","7":"product_cat-geschenkgutscheine","9":"first","10":"instock","11":"featured","12":"taxable","13":"shipping-taxable","14":"purchasable","15":"product-type-simple"},"_links":{"self":[{"href":"https:\/\/www.lawall-stoehr.de\/shop\/index.php?rest_route=\/wp\/v2\/product\/47561"}],"collection":[{"href":"https:\/\/www.lawall-stoehr.de\/shop\/index.php?rest_route=\/wp\/v2\/product"}],"about":[{"href":"https:\/\/www.lawall-stoehr.de\/shop\/index.php?rest_route=\/wp\/v2\/types\/product"}],"replies":[{"embeddable":true,"href":"https:\/\/www.lawall-stoehr.de\/shop\/index.php?rest_route=%2Fwp%2Fv2%2Fcomments&post=47561"}],"wp:featuredmedia":[{"embeddable":true,"href":"https:\/\/www.lawall-stoehr.de\/shop\/index.php?rest_route=\/wp\/v2\/media\/47551"}],"wp:attachment":[{"href":"https:\/\/www.lawall-stoehr.de\/shop\/index.php?rest_route=%2Fwp%2Fv2%2Fmedia&parent=47561"}],"wp:term":[{"taxonomy":"product_brand","embeddable":true,"href":"https:\/\/www.lawall-stoehr.de\/shop\/index.php?rest_route=%2Fwp%2Fv2%2Fproduct_brand&post=47561"},{"taxonomy":"product_cat","embeddable":true,"href":"https:\/\/www.lawall-stoehr.de\/shop\/index.php?rest_route=%2Fwp%2Fv2%2Fproduct_cat&post=47561"},{"taxonomy":"product_tag","embeddable":true,"href":"https:\/\/www.lawall-stoehr.de\/shop\/index.php?rest_route=%2Fwp%2Fv2%2Fproduct_tag&post=47561"}],"curies":[{"name":"wp","href":"https:\/\/api.w.org\/{rel}","templated":true}]}}