{"id":47585,"date":"2025-11-26T10:55:46","date_gmt":"2025-11-26T08:55:46","guid":{"rendered":"https:\/\/www.lawall-stoehr.de\/shop\/?product=lissis-suesse-verfuehrung-pro-person-ab"},"modified":"2025-11-26T10:55:46","modified_gmt":"2025-11-26T08:55:46","slug":"lissis-suesse-verfuehrung-pro-person-ab","status":"publish","type":"product","link":"https:\/\/www.lawall-stoehr.de\/shop\/?product=lissis-suesse-verfuehrung-pro-person-ab","title":{"rendered":"<br>LISSIS S\u00dcSSE VERF\u00dcHRUNG                         pro Person ab<br>"},"content":{"rendered":"<div align=\"left\"><font size=\"1\">LISSIS S\u00dcSSE VERF\u00dcHRUNG                         pro Person ab<\/p>\n<p>        <font color=\"#666666\"><!-- IBGHTML --><\/p>\n<p align=\"center\"><font color=\"#d50000\" face=\"Frutiger 47 Light Condensed\"><font color=\"#000000\"><strong>NUR MIT TERMINABSPRACHE M\u00d6GLICH, IST AUCH ALS GESCHENKGUTSCHEIN ERH\u00c4LTLICH<\/p>\n<p>KAFFEE + SELBSTGEMACHTER RIWWELKUCHE<\/p>\n<p>Unsere Oma, Uroma und Ururoma Elisabeth mit Kosenamen Lissi genannt liebte S\u00dcSSES.<br \/><\/strong><br \/>Hier ihre Leibspeise -HEFEKUCHEN-, den sie noch mit viel Liebe bis ins hohe Alter von 87 Jahren jeden Samstag backte.<br \/><strong>Bei sch\u00f6nem Wetter wird im Garten,&nbsp;Hof&nbsp;oder Aussichtsturm anserviert.<font color=\"#727272\"><\/font><\/strong><\/font><font color=\"#727272\"><\/font><\/font><\/p>\n<p><\/font><\/p>\n<p><\/font><\/div>\n<table WIDTH=\"60%\" BORDER=\"0\" align=\"left\" CELLPADDING=\"0\" CELLSPACING=\"0\"><\/p>\n<tr><\/p>\n<td width=\"53%\"><font size=\"-1\">Artikelnummer:<\/font><\/td>\n<td width=\"47%\"><font size=\"-1\"><strong>1106<\/strong><\/font><\/td>\n<p><\/tr>\n<\/table>\n","protected":false},"excerpt":{"rendered":"<p>LISSIS S\u00dcSSE VERF\u00dcHRUNG pro Person ab NUR MIT TERMINABSPRACHE M\u00d6GLICH, IST AUCH ALS GESCHENKGUTSCHEIN ERH\u00c4LTLICH KAFFEE + SELBSTGEMACHTER RIWWELKUCHE Unsere Oma, Uroma und Ururoma Elisabeth mit Kosenamen Lissi genannt liebte S\u00dcSSES.Hier ihre Leibspeise -HEFEKUCHEN-, den sie noch mit viel Liebe bis ins hohe Alter von 87 Jahren jeden Samstag backte.Bei sch\u00f6nem Wetter wird im Garten,&nbsp;Hof&nbsp;oder [&hellip;]<\/p>\n","protected":false},"featured_media":0,"comment_status":"open","ping_status":"closed","template":"","meta":[],"product_brand":[],"product_cat":[7029,7030],"product_tag":[],"class_list":{"0":"post-47585","1":"product","2":"type-product","3":"status-publish","5":"product_cat-weinprobe","6":"product_cat-weinerlebnisse","8":"first","9":"instock","10":"taxable","11":"shipping-taxable","12":"purchasable","13":"product-type-simple"},"_links":{"self":[{"href":"https:\/\/www.lawall-stoehr.de\/shop\/index.php?rest_route=\/wp\/v2\/product\/47585"}],"collection":[{"href":"https:\/\/www.lawall-stoehr.de\/shop\/index.php?rest_route=\/wp\/v2\/product"}],"about":[{"href":"https:\/\/www.lawall-stoehr.de\/shop\/index.php?rest_route=\/wp\/v2\/types\/product"}],"replies":[{"embeddable":true,"href":"https:\/\/www.lawall-stoehr.de\/shop\/index.php?rest_route=%2Fwp%2Fv2%2Fcomments&post=47585"}],"wp:attachment":[{"href":"https:\/\/www.lawall-stoehr.de\/shop\/index.php?rest_route=%2Fwp%2Fv2%2Fmedia&parent=47585"}],"wp:term":[{"taxonomy":"product_brand","embeddable":true,"href":"https:\/\/www.lawall-stoehr.de\/shop\/index.php?rest_route=%2Fwp%2Fv2%2Fproduct_brand&post=47585"},{"taxonomy":"product_cat","embeddable":true,"href":"https:\/\/www.lawall-stoehr.de\/shop\/index.php?rest_route=%2Fwp%2Fv2%2Fproduct_cat&post=47585"},{"taxonomy":"product_tag","embeddable":true,"href":"https:\/\/www.lawall-stoehr.de\/shop\/index.php?rest_route=%2Fwp%2Fv2%2Fproduct_tag&post=47585"}],"curies":[{"name":"wp","href":"https:\/\/api.w.org\/{rel}","templated":true}]}}