{"id":47587,"date":"2025-11-26T10:55:49","date_gmt":"2025-11-26T08:55:49","guid":{"rendered":"https:\/\/www.lawall-stoehr.de\/shop\/?product=2016er-coronet-cuvee-charlott-trocken-rheinhessen-qualitaetswein-075-l"},"modified":"2025-11-26T10:55:49","modified_gmt":"2025-11-26T08:55:49","slug":"2016er-coronet-cuvee-charlott-trocken-rheinhessen-qualitaetswein-075-l","status":"publish","type":"product","link":"https:\/\/www.lawall-stoehr.de\/shop\/?product=2016er-coronet-cuvee-charlott-trocken-rheinhessen-qualitaetswein-075-l","title":{"rendered":"<br>2016er CORONET  CUVE\u00c9  CHARLOTT TROCKEN Rheinhessen  Qualit\u00e4tswein   0,75 L<br>"},"content":{"rendered":"<div align=\"left\"><font size=\"1\">2016er CORONET  CUVE\u00c9  CHARLOTT TROCKEN Rheinhessen  Qualit\u00e4tswein   0,75 L<\/p>\n<p>        <font color=\"#666666\"><!-- IBGHTML --><\/p>\n<p align=\"center\"><!-- IBGHTML --><font color=\"#000000\"><strong><font color=\"#000000\" face=\"13,5 Vol. %rial Unicode MS\">DIE WEINLINE VON MARIE-CHARLOTT<\/font><\/strong><br \/><font face=\"Frutiger 45 Light\">ALS HOMMAGE AN IHRE ZEIT ALS QUEENIE HAT MARIE-CHARLOTT MIIT IHREM MANN CHRISTOPH DIESEN AU\u00dfERGEW\u00d6HNLICHEN SCHATZ GESCHAFFEN<\/font><\/font><font face=\"Frutiger 45 Light\"><br \/><font color=\"#000000\">ein Cuvee ihrer Lieblingswei\u00dfweine CHARDONNAY * GRAUER BURGUNDER * WEI\u00dfER BURGUNDER<br \/>11 Monate gemeinsam im TONNEAU gereift<br \/>und TROCKEN ausgebaut<\/font><\/font><\/p>\n<p><\/font><\/p>\n<p><\/font><\/div>\n<table WIDTH=\"60%\" BORDER=\"0\" align=\"left\" CELLPADDING=\"0\" CELLSPACING=\"0\"><\/p>\n<tr><\/p>\n<td width=\"53%\"><font size=\"-1\">Artikelnummer:<\/font><\/td>\n<td width=\"47%\"><font size=\"-1\"><strong>1560<\/strong><\/font><\/td>\n<p><\/tr>\n<tr><\/p>\n<td><font size=\"-1\">Inhalt<\/font><\/td>\n<td><font size=\"-1\"><strong>0,75 Ltr.<\/strong><\/font><\/td>\n<p><\/tr>\n<tr ALIGN=\"LEFT\"><\/p>\n<td><font size=\"-1\">Preis\/Ltr.<\/font><\/td>\n<td><font size=\"-1\"><strong>20,80 EUR pro Ltr.<\/strong><\/font><\/td>\n<p><\/tr>\n<tr><\/p>\n<td><font size=\"-1\">Weinart:<\/font><\/td>\n<td><font size=\"-1\"><strong><\/strong><\/font><\/td>\n<p><\/tr>\n<tr><\/p>\n<td><font size=\"-1\">Qualit&auml;tsstufe<\/font><\/td>\n<td><font size=\"-1\"><strong>Qualit\u00e4tswein<\/strong><\/font><\/td>\n<p><\/tr>\n<tr><\/p>\n<td><font size=\"-1\">Rebsorte<\/font><\/td>\n<td><font size=\"-1\"><strong>CUVE\u00c9  CHARLOTT<\/strong><\/font><\/td>\n<p><\/tr>\n<tr>  <\/p>\n<td><font size=\"-1\">Restzuckergehalt<\/font><\/td>\n<p>  <\/p>\n<td><font size=\"-1\"><strong>2,8 g\/Ltr.<\/strong><\/font><\/td>\n<p><\/tr>\n<p><\/p>\n<tr><\/p>\n<td><font size=\"-1\">Alkoholgehalt<\/font><\/td>\n<td><font size=\"-1\"><strong>13,5 Vol. %<\/strong><\/font><\/td>\n<p><\/tr>\n<p><\/p>\n<tr>\n<td><font size=\"-1\">Bio:<\/font><\/td>\n<td><font size=\"-1\"><strong>NEIN<\/strong><\/font><\/td>\n<\/tr>\n<p><\/p>\n<tr>\n<td><font size=\"-1\">vegan:<\/font><\/td>\n<td><font size=\"-1\"><strong>NEIN<\/strong><\/font><\/td>\n<\/tr>\n<p><\/p>\n<tr>\n<td><font size=\"-1\">Ursprungsland:<\/font><\/td>\n<td><font size=\"-1\"><strong><\/strong><\/font><\/td>\n<\/tr>\n<p><\/p>\n<tr>\n<td><font size=\"-1\">enth\u00e4lt Allergene:<\/font><\/td>\n<td><font size=\"-1\"><strong>Sulfite<\/strong><\/font><\/td>\n<\/tr>\n<p><\/table>\n","protected":false},"excerpt":{"rendered":"<p>2016er CORONET CUVE\u00c9 CHARLOTT TROCKEN Rheinhessen Qualit\u00e4tswein 0,75 L DIE WEINLINE VON MARIE-CHARLOTTALS HOMMAGE AN IHRE ZEIT ALS QUEENIE HAT MARIE-CHARLOTT MIIT IHREM MANN CHRISTOPH DIESEN AU\u00dfERGEW\u00d6HNLICHEN SCHATZ GESCHAFFENein Cuvee ihrer Lieblingswei\u00dfweine CHARDONNAY * GRAUER BURGUNDER * WEI\u00dfER BURGUNDER11 Monate gemeinsam im TONNEAU gereiftund TROCKEN ausgebaut Artikelnummer: 1560 Inhalt 0,75 Ltr. Preis\/Ltr. 20,80 EUR pro [&hellip;]<\/p>\n","protected":false},"featured_media":0,"comment_status":"open","ping_status":"closed","template":"","meta":[],"product_brand":[],"product_cat":[7033,7034],"product_tag":[],"class_list":{"0":"post-47587","1":"product","2":"type-product","3":"status-publish","5":"product_cat-sonderedition-coronet","6":"product_cat-weissweine","8":"first","9":"instock","10":"taxable","11":"shipping-taxable","12":"purchasable","13":"product-type-simple"},"_links":{"self":[{"href":"https:\/\/www.lawall-stoehr.de\/shop\/index.php?rest_route=\/wp\/v2\/product\/47587"}],"collection":[{"href":"https:\/\/www.lawall-stoehr.de\/shop\/index.php?rest_route=\/wp\/v2\/product"}],"about":[{"href":"https:\/\/www.lawall-stoehr.de\/shop\/index.php?rest_route=\/wp\/v2\/types\/product"}],"replies":[{"embeddable":true,"href":"https:\/\/www.lawall-stoehr.de\/shop\/index.php?rest_route=%2Fwp%2Fv2%2Fcomments&post=47587"}],"wp:attachment":[{"href":"https:\/\/www.lawall-stoehr.de\/shop\/index.php?rest_route=%2Fwp%2Fv2%2Fmedia&parent=47587"}],"wp:term":[{"taxonomy":"product_brand","embeddable":true,"href":"https:\/\/www.lawall-stoehr.de\/shop\/index.php?rest_route=%2Fwp%2Fv2%2Fproduct_brand&post=47587"},{"taxonomy":"product_cat","embeddable":true,"href":"https:\/\/www.lawall-stoehr.de\/shop\/index.php?rest_route=%2Fwp%2Fv2%2Fproduct_cat&post=47587"},{"taxonomy":"product_tag","embeddable":true,"href":"https:\/\/www.lawall-stoehr.de\/shop\/index.php?rest_route=%2Fwp%2Fv2%2Fproduct_tag&post=47587"}],"curies":[{"name":"wp","href":"https:\/\/api.w.org\/{rel}","templated":true}]}}