{"id":47588,"date":"2025-11-26T10:55:51","date_gmt":"2025-11-26T08:55:51","guid":{"rendered":"https:\/\/www.lawall-stoehr.de\/shop\/?product=2024er-chardonnay-trockenheimersheimer-sonnenberg-qualitaetswein-075l"},"modified":"2026-03-25T12:12:50","modified_gmt":"2026-03-25T10:12:50","slug":"2024er-chardonnay-trockenheimersheimer-sonnenberg-qualitaetswein-075l","status":"publish","type":"product","link":"https:\/\/www.lawall-stoehr.de\/shop\/?product=2024er-chardonnay-trockenheimersheimer-sonnenberg-qualitaetswein-075l","title":{"rendered":"<br>2024er CHARDONNAY  TROCKEN<br>Heimersheimer Sonnenberg  Qualit\u00e4tswein  0,75l<br>"},"content":{"rendered":"<div align=\"left\"><font size=\"1\">2024er CHARDONNAY  TROCKEN<br \/>Heimersheimer Sonnenberg  Qualit\u00e4tswein  0,75l<\/p>\n<p>        <font color=\"#666666\"><!-- IBGHTML --><\/p>\n<p align=\"center\"><!-- IBGHTML --><strong>w\u00e4chst in&nbsp;einer unserer&nbsp;TOP- Lagen, sonnenverw\u00f6hntem Hang&nbsp;auf schwerem Lehm-L\u00f6\u00dfboden.<br \/>&#8211;&nbsp;&nbsp;Sonnenberg &#8211;<\/strong><font color=\"#000000\" face=\"Frutiger 47 Light Condensed\"><strong> Heimersheim&nbsp;&#8211;<br \/><\/strong><\/font><font color=\"#000000\" face=\"Frutiger 47 Light Condensed\">Helle Farbe, trockener Wein mit feinem aromatischen Bukett nach Kiwi, Stachelbeere, Gras, Zitrusfr\u00fcchten.<br \/>Leichter Wein, Komplex und&nbsp;feiner S\u00e4ure in absoluter Balance.<br \/>Perfekter Wein f\u00fcr Sommer und Terrasse.<br \/>Passt zu Meeresfr\u00fcchtem, Gegrilltem, Fisch, GEM\u00dcSE, Gem\u00fcsegratins sowie zu Pasta.<br \/><\/font><strong><font face=\"Frutiger 47 Light Condensed\"><font color=\"#000000\">F\u00fcr die Leichte K\u00fcche bestens geeignet.<br \/>&#8211; ELAN &#8211;<\/font><\/font><\/strong><\/p>\n<p><\/font><\/p>\n<p><\/font><\/div>\n<table WIDTH=\"60%\" BORDER=\"0\" align=\"left\" CELLPADDING=\"0\" CELLSPACING=\"0\"><\/p>\n<tr><\/p>\n<td width=\"53%\"><font size=\"-1\">Artikelnummer:<\/font><\/td>\n<td width=\"47%\"><font size=\"-1\"><strong>1632<\/strong><\/font><\/td>\n<p><\/tr>\n<tr><\/p>\n<td><font size=\"-1\">Inhalt<\/font><\/td>\n<td><font size=\"-1\"><strong>0,75 Ltr.<\/strong><\/font><\/td>\n<p><\/tr>\n<tr ALIGN=\"LEFT\"><\/p>\n<td><font size=\"-1\">Preis\/Ltr.<\/font><\/td>\n<td><font size=\"-1\"><strong>10,80 EUR pro Ltr.<\/strong><\/font><\/td>\n<p><\/tr>\n<tr><\/p>\n<td><font size=\"-1\">Weinart:<\/font><\/td>\n<td><font size=\"-1\"><strong>Wei\u00dfwein<\/strong><\/font><\/td>\n<p><\/tr>\n<tr><\/p>\n<td><font size=\"-1\">Qualit&auml;tsstufe<\/font><\/td>\n<td><font size=\"-1\"><strong>Qualit\u00e4tswein<\/strong><\/font><\/td>\n<p><\/tr>\n<tr><\/p>\n<td><font size=\"-1\">Rebsorte<\/font><\/td>\n<td><font size=\"-1\"><strong>Chardonnay<\/strong><\/font><\/td>\n<p><\/tr>\n<tr>  <\/p>\n<td><font size=\"-1\">Restzuckergehalt<\/font><\/td>\n<p>  <\/p>\n<td><font size=\"-1\"><strong>6,6 g\/Ltr.<\/strong><\/font><\/td>\n<p><\/tr>\n<p><\/p>\n<tr><\/p>\n<td><font size=\"-1\">Alkoholgehalt<\/font><\/td>\n<td><font size=\"-1\"><strong>12,0 Vol. %<\/strong><\/font><\/td>\n<p><\/tr>\n<p><\/p>\n<tr>\n<td><font size=\"-1\">Bio:<\/font><\/td>\n<td><font size=\"-1\"><strong>NEIN<\/strong><\/font><\/td>\n<\/tr>\n<p><\/p>\n<tr>\n<td><font size=\"-1\">vegan:<\/font><\/td>\n<td><font size=\"-1\"><strong>NEIN<\/strong><\/font><\/td>\n<\/tr>\n<p><\/p>\n<tr>\n<td><font size=\"-1\">Ursprungsland:<\/font><\/td>\n<td><font size=\"-1\"><strong><\/strong><\/font><\/td>\n<\/tr>\n<p><\/p>\n<tr>\n<td><font size=\"-1\">enth\u00e4lt Allergene:<\/font><\/td>\n<td><font size=\"-1\"><strong>Sulfite<\/strong><\/font><\/td>\n<\/tr>\n<p><\/table>\n","protected":false},"excerpt":{"rendered":"<p>2024er CHARDONNAY TROCKENHeimersheimer Sonnenberg Qualit\u00e4tswein 0,75l w\u00e4chst in&nbsp;einer unserer&nbsp;TOP- Lagen, sonnenverw\u00f6hntem Hang&nbsp;auf schwerem Lehm-L\u00f6\u00dfboden.&#8211;&nbsp;&nbsp;Sonnenberg &#8211; Heimersheim&nbsp;&#8211;Helle Farbe, trockener Wein mit feinem aromatischen Bukett nach Kiwi, Stachelbeere, Gras, Zitrusfr\u00fcchten.Leichter Wein, Komplex und&nbsp;feiner S\u00e4ure in absoluter Balance.Perfekter Wein f\u00fcr Sommer und Terrasse.Passt zu Meeresfr\u00fcchtem, Gegrilltem, Fisch, GEM\u00dcSE, Gem\u00fcsegratins sowie zu Pasta.F\u00fcr die Leichte K\u00fcche bestens geeignet.&#8211; ELAN [&hellip;]<\/p>\n","protected":false},"featured_media":47540,"comment_status":"open","ping_status":"closed","template":"","meta":[],"product_brand":[],"product_cat":[7035,7034],"product_tag":[],"class_list":{"0":"post-47588","1":"product","2":"type-product","3":"status-publish","4":"has-post-thumbnail","6":"product_cat-lagenweine-weiss","7":"product_cat-weissweine","9":"first","10":"instock","11":"taxable","12":"shipping-taxable","13":"purchasable","14":"product-type-simple"},"_links":{"self":[{"href":"https:\/\/www.lawall-stoehr.de\/shop\/index.php?rest_route=\/wp\/v2\/product\/47588"}],"collection":[{"href":"https:\/\/www.lawall-stoehr.de\/shop\/index.php?rest_route=\/wp\/v2\/product"}],"about":[{"href":"https:\/\/www.lawall-stoehr.de\/shop\/index.php?rest_route=\/wp\/v2\/types\/product"}],"replies":[{"embeddable":true,"href":"https:\/\/www.lawall-stoehr.de\/shop\/index.php?rest_route=%2Fwp%2Fv2%2Fcomments&post=47588"}],"wp:featuredmedia":[{"embeddable":true,"href":"https:\/\/www.lawall-stoehr.de\/shop\/index.php?rest_route=\/wp\/v2\/media\/47540"}],"wp:attachment":[{"href":"https:\/\/www.lawall-stoehr.de\/shop\/index.php?rest_route=%2Fwp%2Fv2%2Fmedia&parent=47588"}],"wp:term":[{"taxonomy":"product_brand","embeddable":true,"href":"https:\/\/www.lawall-stoehr.de\/shop\/index.php?rest_route=%2Fwp%2Fv2%2Fproduct_brand&post=47588"},{"taxonomy":"product_cat","embeddable":true,"href":"https:\/\/www.lawall-stoehr.de\/shop\/index.php?rest_route=%2Fwp%2Fv2%2Fproduct_cat&post=47588"},{"taxonomy":"product_tag","embeddable":true,"href":"https:\/\/www.lawall-stoehr.de\/shop\/index.php?rest_route=%2Fwp%2Fv2%2Fproduct_tag&post=47588"}],"curies":[{"name":"wp","href":"https:\/\/api.w.org\/{rel}","templated":true}]}}