{"id":47593,"date":"2025-11-26T10:55:58","date_gmt":"2025-11-26T08:55:58","guid":{"rendered":"https:\/\/www.lawall-stoehr.de\/shop\/?product=2022er-spaetburgunder-trocken-heimersheim-qualitaetswein-075l"},"modified":"2026-03-25T12:12:57","modified_gmt":"2026-03-25T10:12:57","slug":"2022er-spaetburgunder-trocken-heimersheim-qualitaetswein-075l","status":"publish","type":"product","link":"https:\/\/www.lawall-stoehr.de\/shop\/?product=2022er-spaetburgunder-trocken-heimersheim-qualitaetswein-075l","title":{"rendered":"<br>2022er SP\u00c4TBURGUNDER  TROCKEN <br>Heimersheim  Qualit\u00e4tswein   0,75l<br>"},"content":{"rendered":"<div align=\"left\"><font size=\"1\">2022er SP\u00c4TBURGUNDER  TROCKEN <br \/>Heimersheim  Qualit\u00e4tswein   0,75l<\/p>\n<p>        <font color=\"#666666\"><!-- IBGHTML --><\/p>\n<p align=\"center\"><!-- IBGHTML --><strong><font color=\"#970000\">w\u00e4chst auf einer unserer guten Orts-Lagen auf schwerem Lehm- Kalkboden.<br \/><\/font><\/strong><font color=\"#970000\" face=\"Frutiger 47 Light Condensed\"><strong>&#8211; Heimersheim &#8211; Sonnenberg &#8211; .<br \/><\/strong><\/font><font face=\"Frutiger 47 Light Condensed\">Kr\u00e4ftige Farbe, trockener Wein mit aromatischem Bukett nach Kirsche, Brombeere, Johannisbeere.<br \/>&nbsp;&nbsp;Leichter Rotwein, Komplex und feiner S\u00e4ure.<br \/><font color=\"#616161\"><strong>Ein idealer Sommerrotwein gek\u00fchlt zu geniessen auf der Terrasse.<\/strong><\/font><br \/>Pa\u00dft zu Wild, Gegrilltem, Rind, Pizza oder Pasta.<\/font><\/p>\n<p><\/font><\/p>\n<p><\/font><\/div>\n<table WIDTH=\"60%\" BORDER=\"0\" align=\"left\" CELLPADDING=\"0\" CELLSPACING=\"0\"><\/p>\n<tr><\/p>\n<td width=\"53%\"><font size=\"-1\">Artikelnummer:<\/font><\/td>\n<td width=\"47%\"><font size=\"-1\"><strong>2234<\/strong><\/font><\/td>\n<p><\/tr>\n<tr><\/p>\n<td><font size=\"-1\">Inhalt<\/font><\/td>\n<td><font size=\"-1\"><strong>0,75 Ltr.<\/strong><\/font><\/td>\n<p><\/tr>\n<tr ALIGN=\"LEFT\"><\/p>\n<td><font size=\"-1\">Preis\/Ltr.<\/font><\/td>\n<td><font size=\"-1\"><strong>10,53 EUR pro Ltr.<\/strong><\/font><\/td>\n<p><\/tr>\n<tr><\/p>\n<td><font size=\"-1\">Weinart:<\/font><\/td>\n<td><font size=\"-1\"><strong>Rotwein<\/strong><\/font><\/td>\n<p><\/tr>\n<tr><\/p>\n<td><font size=\"-1\">Qualit&auml;tsstufe<\/font><\/td>\n<td><font size=\"-1\"><strong>Qualit\u00e4tswein<\/strong><\/font><\/td>\n<p><\/tr>\n<tr><\/p>\n<td><font size=\"-1\">Rebsorte<\/font><\/td>\n<td><font size=\"-1\"><strong>Sp\u00e4tburgunder<\/strong><\/font><\/td>\n<p><\/tr>\n<tr>  <\/p>\n<td><font size=\"-1\">Restzuckergehalt<\/font><\/td>\n<p>  <\/p>\n<td><font size=\"-1\"><strong>0,5 g\/Ltr.<\/strong><\/font><\/td>\n<p><\/tr>\n<p><\/p>\n<tr><\/p>\n<td><font size=\"-1\">Alkoholgehalt<\/font><\/td>\n<td><font size=\"-1\"><strong>11,0 Vol. %<\/strong><\/font><\/td>\n<p><\/tr>\n<p><\/p>\n<tr>\n<td><font size=\"-1\">Bio:<\/font><\/td>\n<td><font size=\"-1\"><strong>NEIN<\/strong><\/font><\/td>\n<\/tr>\n<p><\/p>\n<tr>\n<td><font size=\"-1\">vegan:<\/font><\/td>\n<td><font size=\"-1\"><strong>NEIN<\/strong><\/font><\/td>\n<\/tr>\n<p><\/p>\n<tr>\n<td><font size=\"-1\">Ursprungsland:<\/font><\/td>\n<td><font size=\"-1\"><strong><\/strong><\/font><\/td>\n<\/tr>\n<p><\/p>\n<tr>\n<td><font size=\"-1\">enth\u00e4lt Allergene:<\/font><\/td>\n<td><font size=\"-1\"><strong>Sulfite<\/strong><\/font><\/td>\n<\/tr>\n<p><\/table>\n","protected":false},"excerpt":{"rendered":"<p>2022er SP\u00c4TBURGUNDER TROCKEN Heimersheim Qualit\u00e4tswein 0,75l w\u00e4chst auf einer unserer guten Orts-Lagen auf schwerem Lehm- Kalkboden.&#8211; Heimersheim &#8211; Sonnenberg &#8211; .Kr\u00e4ftige Farbe, trockener Wein mit aromatischem Bukett nach Kirsche, Brombeere, Johannisbeere.&nbsp;&nbsp;Leichter Rotwein, Komplex und feiner S\u00e4ure.Ein idealer Sommerrotwein gek\u00fchlt zu geniessen auf der Terrasse.Pa\u00dft zu Wild, Gegrilltem, Rind, Pizza oder Pasta. Artikelnummer: 2234 Inhalt 0,75 [&hellip;]<\/p>\n","protected":false},"featured_media":47594,"comment_status":"open","ping_status":"closed","template":"","meta":[],"product_brand":[],"product_cat":[7036,7032],"product_tag":[],"class_list":{"0":"post-47593","1":"product","2":"type-product","3":"status-publish","4":"has-post-thumbnail","6":"product_cat-ortsweine-rot","7":"product_cat-rotweine","9":"first","10":"instock","11":"featured","12":"taxable","13":"shipping-taxable","14":"purchasable","15":"product-type-simple"},"_links":{"self":[{"href":"https:\/\/www.lawall-stoehr.de\/shop\/index.php?rest_route=\/wp\/v2\/product\/47593"}],"collection":[{"href":"https:\/\/www.lawall-stoehr.de\/shop\/index.php?rest_route=\/wp\/v2\/product"}],"about":[{"href":"https:\/\/www.lawall-stoehr.de\/shop\/index.php?rest_route=\/wp\/v2\/types\/product"}],"replies":[{"embeddable":true,"href":"https:\/\/www.lawall-stoehr.de\/shop\/index.php?rest_route=%2Fwp%2Fv2%2Fcomments&post=47593"}],"wp:featuredmedia":[{"embeddable":true,"href":"https:\/\/www.lawall-stoehr.de\/shop\/index.php?rest_route=\/wp\/v2\/media\/47594"}],"wp:attachment":[{"href":"https:\/\/www.lawall-stoehr.de\/shop\/index.php?rest_route=%2Fwp%2Fv2%2Fmedia&parent=47593"}],"wp:term":[{"taxonomy":"product_brand","embeddable":true,"href":"https:\/\/www.lawall-stoehr.de\/shop\/index.php?rest_route=%2Fwp%2Fv2%2Fproduct_brand&post=47593"},{"taxonomy":"product_cat","embeddable":true,"href":"https:\/\/www.lawall-stoehr.de\/shop\/index.php?rest_route=%2Fwp%2Fv2%2Fproduct_cat&post=47593"},{"taxonomy":"product_tag","embeddable":true,"href":"https:\/\/www.lawall-stoehr.de\/shop\/index.php?rest_route=%2Fwp%2Fv2%2Fproduct_tag&post=47593"}],"curies":[{"name":"wp","href":"https:\/\/api.w.org\/{rel}","templated":true}]}}