{"id":47598,"date":"2025-11-26T10:56:04","date_gmt":"2025-11-26T08:56:04","guid":{"rendered":"https:\/\/www.lawall-stoehr.de\/shop\/?product=2024er-grauer-burgunder-trockenweinheim-qualitaetswein-075l"},"modified":"2026-03-25T12:13:03","modified_gmt":"2026-03-25T10:13:03","slug":"2024er-grauer-burgunder-trockenweinheim-qualitaetswein-075l","status":"publish","type":"product","link":"https:\/\/www.lawall-stoehr.de\/shop\/?product=2024er-grauer-burgunder-trockenweinheim-qualitaetswein-075l","title":{"rendered":"<br>2024er GRAUER BURGUNDER TROCKEN<br>Weinheim   Qualit\u00e4tswein    0,75l<br>"},"content":{"rendered":"<div align=\"left\"><font size=\"1\">2024er GRAUER BURGUNDER TROCKEN<br \/>Weinheim   Qualit\u00e4tswein    0,75l<\/p>\n<p>        <font color=\"#666666\"><!-- IBGHTML --><!-- IBGHTML --><\/p>\n<p align=\"center\"><strong><font color=\"#000000\"><font face=\"Frutiger 47 Light Condensed\">w\u00e4chst in einer unserer&nbsp;guten Orts-Lagen auf Rotliegendem-Tonboden.<br \/>&nbsp; &#8211;&nbsp;Weinheim -Kapellenberg-<\/font><br \/><\/font><\/strong><font color=\"#000000\" face=\"Frutiger 47 Light Condensed\">Helle Farbe,&nbsp;trockener Wein&nbsp;mit aromatischem Bukett nach Birne, Stachelbeere, Gras, Zitrusfr\u00fcchten.<br \/><\/font><font color=\"#000000\" face=\"Frutiger 47 Light Condensed\" size=\"3\">Leichter Wein, Komplex und einer&nbsp;feiner S\u00e4ure.<br \/><\/font><font face=\"Frutiger 47 Light Condensed\"><font color=\"#000000\" size=\"3\">Idealer Begleiter zu hellem Fleisch, Gegrilltem, Gefl\u00fcgel, Fisch, Gem\u00fcse und SPARGEL.<br \/><\/font><font color=\"#000000\" size=\"3\"><strong>Perfekt zur leichten K\u00fcche.<br \/>&#8211; TEMPERAMENT &#8211;<br \/>MIT DABEI IM &nbsp;PROBEPAKET &#8211; FEUER &#8211;<\/strong><\/font><\/font><\/p>\n<p><\/font><\/p>\n<p><\/font><\/div>\n<table WIDTH=\"60%\" BORDER=\"0\" align=\"left\" CELLPADDING=\"0\" CELLSPACING=\"0\"><\/p>\n<tr><\/p>\n<td width=\"53%\"><font size=\"-1\">Artikelnummer:<\/font><\/td>\n<td width=\"47%\"><font size=\"-1\"><strong>2633*1<\/strong><\/font><\/td>\n<p><\/tr>\n<tr><\/p>\n<td><font size=\"-1\">Inhalt<\/font><\/td>\n<td><font size=\"-1\"><strong>0,75 Ltr.<\/strong><\/font><\/td>\n<p><\/tr>\n<tr ALIGN=\"LEFT\"><\/p>\n<td><font size=\"-1\">Preis\/Ltr.<\/font><\/td>\n<td><font size=\"-1\"><strong>10,53 EUR pro Ltr.<\/strong><\/font><\/td>\n<p><\/tr>\n<tr><\/p>\n<td><font size=\"-1\">Weinart:<\/font><\/td>\n<td><font size=\"-1\"><strong>Wei\u00dfwein<\/strong><\/font><\/td>\n<p><\/tr>\n<tr><\/p>\n<td><font size=\"-1\">Qualit&auml;tsstufe<\/font><\/td>\n<td><font size=\"-1\"><strong>Qualit\u00e4tswein<\/strong><\/font><\/td>\n<p><\/tr>\n<tr><\/p>\n<td><font size=\"-1\">Rebsorte<\/font><\/td>\n<td><font size=\"-1\"><strong>Grauburgunder<\/strong><\/font><\/td>\n<p><\/tr>\n<tr>  <\/p>\n<td><font size=\"-1\">Restzuckergehalt<\/font><\/td>\n<p>  <\/p>\n<td><font size=\"-1\"><strong>0,7 g\/Ltr.<\/strong><\/font><\/td>\n<p><\/tr>\n<p><\/p>\n<tr><\/p>\n<td><font size=\"-1\">Alkoholgehalt<\/font><\/td>\n<td><font size=\"-1\"><strong>11,5 Vol. %<\/strong><\/font><\/td>\n<p><\/tr>\n<p><\/p>\n<tr>\n<td><font size=\"-1\">Bio:<\/font><\/td>\n<td><font size=\"-1\"><strong>NEIN<\/strong><\/font><\/td>\n<\/tr>\n<p><\/p>\n<tr>\n<td><font size=\"-1\">vegan:<\/font><\/td>\n<td><font size=\"-1\"><strong>NEIN<\/strong><\/font><\/td>\n<\/tr>\n<p><\/p>\n<tr>\n<td><font size=\"-1\">Ursprungsland:<\/font><\/td>\n<td><font size=\"-1\"><strong><\/strong><\/font><\/td>\n<\/tr>\n<p><\/p>\n<tr>\n<td><font size=\"-1\">enth\u00e4lt Allergene:<\/font><\/td>\n<td><font size=\"-1\"><strong>Sulfite<\/strong><\/font><\/td>\n<\/tr>\n<p><\/table>\n","protected":false},"excerpt":{"rendered":"<p>2024er GRAUER BURGUNDER TROCKENWeinheim Qualit\u00e4tswein 0,75l w\u00e4chst in einer unserer&nbsp;guten Orts-Lagen auf Rotliegendem-Tonboden.&nbsp; &#8211;&nbsp;Weinheim -Kapellenberg-Helle Farbe,&nbsp;trockener Wein&nbsp;mit aromatischem Bukett nach Birne, Stachelbeere, Gras, Zitrusfr\u00fcchten.Leichter Wein, Komplex und einer&nbsp;feiner S\u00e4ure.Idealer Begleiter zu hellem Fleisch, Gegrilltem, Gefl\u00fcgel, Fisch, Gem\u00fcse und SPARGEL.Perfekt zur leichten K\u00fcche.&#8211; TEMPERAMENT &#8211;MIT DABEI IM &nbsp;PROBEPAKET &#8211; FEUER &#8211; Artikelnummer: 2633*1 Inhalt 0,75 Ltr. [&hellip;]<\/p>\n","protected":false},"featured_media":47549,"comment_status":"open","ping_status":"closed","template":"","meta":[],"product_brand":[],"product_cat":[7037,7034],"product_tag":[],"class_list":{"0":"post-47598","1":"product","2":"type-product","3":"status-publish","4":"has-post-thumbnail","6":"product_cat-ortsweine-weiss","7":"product_cat-weissweine","9":"first","10":"instock","11":"featured","12":"taxable","13":"shipping-taxable","14":"purchasable","15":"product-type-simple"},"_links":{"self":[{"href":"https:\/\/www.lawall-stoehr.de\/shop\/index.php?rest_route=\/wp\/v2\/product\/47598"}],"collection":[{"href":"https:\/\/www.lawall-stoehr.de\/shop\/index.php?rest_route=\/wp\/v2\/product"}],"about":[{"href":"https:\/\/www.lawall-stoehr.de\/shop\/index.php?rest_route=\/wp\/v2\/types\/product"}],"replies":[{"embeddable":true,"href":"https:\/\/www.lawall-stoehr.de\/shop\/index.php?rest_route=%2Fwp%2Fv2%2Fcomments&post=47598"}],"wp:featuredmedia":[{"embeddable":true,"href":"https:\/\/www.lawall-stoehr.de\/shop\/index.php?rest_route=\/wp\/v2\/media\/47549"}],"wp:attachment":[{"href":"https:\/\/www.lawall-stoehr.de\/shop\/index.php?rest_route=%2Fwp%2Fv2%2Fmedia&parent=47598"}],"wp:term":[{"taxonomy":"product_brand","embeddable":true,"href":"https:\/\/www.lawall-stoehr.de\/shop\/index.php?rest_route=%2Fwp%2Fv2%2Fproduct_brand&post=47598"},{"taxonomy":"product_cat","embeddable":true,"href":"https:\/\/www.lawall-stoehr.de\/shop\/index.php?rest_route=%2Fwp%2Fv2%2Fproduct_cat&post=47598"},{"taxonomy":"product_tag","embeddable":true,"href":"https:\/\/www.lawall-stoehr.de\/shop\/index.php?rest_route=%2Fwp%2Fv2%2Fproduct_tag&post=47598"}],"curies":[{"name":"wp","href":"https:\/\/api.w.org\/{rel}","templated":true}]}}