{"id":47615,"date":"2025-11-26T10:56:24","date_gmt":"2025-11-26T08:56:24","guid":{"rendered":"https:\/\/www.lawall-stoehr.de\/shop\/?product=winzersekt-spaetburgunder-weissherbst-halbtrocken-075-l"},"modified":"2026-04-01T13:55:45","modified_gmt":"2026-04-01T11:55:45","slug":"winzersekt-spaetburgunder-weissherbst-halbtrocken-075-l","status":"publish","type":"product","link":"https:\/\/www.lawall-stoehr.de\/shop\/?product=winzersekt-spaetburgunder-weissherbst-halbtrocken-075-l","title":{"rendered":"<br>WINZERSEKT  Sp\u00e4tburgunder Weissherbst halbtrocken  0,75 L<br>"},"content":{"rendered":"<div align=\"left\"><font size=\"1\">WINZERSEKT  Sp\u00e4tburgunder Weissherbst halbtrocken  0,75 L<\/p>\n<p>        <font color=\"#666666\"><!-- IBGHTML --><\/p>\n<p align=\"center\"><font face=\"Frutiger 47 Light Condensed\"><font color=\"#000000\">Ros\u00e9sekt. Mild.<br \/>Feine Beerenaromen mit feiner S\u00e4ure.<br \/><\/font><font color=\"#000000\"><strong>Ein MUSS f\u00fcr den SOMMER. LEICHT,FRISCH, S\u00dcFFIG.<br \/>&#8222;DIE LEICHTIGKEIT DES SEINS&#8220; in Vollendung.<br \/><\/strong>Hergestellt. EZG Winzersekt GmbH. Sprendlingen. Mitglied.<\/font><\/font><\/p>\n<p><\/font><\/p>\n<p><\/font><\/div>\n<table WIDTH=\"60%\" BORDER=\"0\" align=\"left\" CELLPADDING=\"0\" CELLSPACING=\"0\"><\/p>\n<tr><\/p>\n<td width=\"53%\"><font size=\"-1\">Artikelnummer:<\/font><\/td>\n<td width=\"47%\"><font size=\"-1\"><strong>6295<\/strong><\/font><\/td>\n<p><\/tr>\n<\/table>\n","protected":false},"excerpt":{"rendered":"<p>WINZERSEKT Sp\u00e4tburgunder Weissherbst halbtrocken 0,75 L Ros\u00e9sekt. Mild.Feine Beerenaromen mit feiner S\u00e4ure.Ein MUSS f\u00fcr den SOMMER. LEICHT,FRISCH, S\u00dcFFIG.&#8222;DIE LEICHTIGKEIT DES SEINS&#8220; in Vollendung.Hergestellt. EZG Winzersekt GmbH. Sprendlingen. Mitglied. Artikelnummer: 6295<\/p>\n","protected":false},"featured_media":47616,"comment_status":"open","ping_status":"closed","template":"","meta":[],"product_brand":[],"product_cat":[7045,7044],"product_tag":[],"class_list":{"0":"post-47615","1":"product","2":"type-product","3":"status-publish","4":"has-post-thumbnail","6":"product_cat-winzersekte","7":"product_cat-sekt-und-secco","9":"first","10":"instock","11":"taxable","12":"shipping-taxable","13":"purchasable","14":"product-type-simple"},"_links":{"self":[{"href":"https:\/\/www.lawall-stoehr.de\/shop\/index.php?rest_route=\/wp\/v2\/product\/47615"}],"collection":[{"href":"https:\/\/www.lawall-stoehr.de\/shop\/index.php?rest_route=\/wp\/v2\/product"}],"about":[{"href":"https:\/\/www.lawall-stoehr.de\/shop\/index.php?rest_route=\/wp\/v2\/types\/product"}],"replies":[{"embeddable":true,"href":"https:\/\/www.lawall-stoehr.de\/shop\/index.php?rest_route=%2Fwp%2Fv2%2Fcomments&post=47615"}],"wp:featuredmedia":[{"embeddable":true,"href":"https:\/\/www.lawall-stoehr.de\/shop\/index.php?rest_route=\/wp\/v2\/media\/47616"}],"wp:attachment":[{"href":"https:\/\/www.lawall-stoehr.de\/shop\/index.php?rest_route=%2Fwp%2Fv2%2Fmedia&parent=47615"}],"wp:term":[{"taxonomy":"product_brand","embeddable":true,"href":"https:\/\/www.lawall-stoehr.de\/shop\/index.php?rest_route=%2Fwp%2Fv2%2Fproduct_brand&post=47615"},{"taxonomy":"product_cat","embeddable":true,"href":"https:\/\/www.lawall-stoehr.de\/shop\/index.php?rest_route=%2Fwp%2Fv2%2Fproduct_cat&post=47615"},{"taxonomy":"product_tag","embeddable":true,"href":"https:\/\/www.lawall-stoehr.de\/shop\/index.php?rest_route=%2Fwp%2Fv2%2Fproduct_tag&post=47615"}],"curies":[{"name":"wp","href":"https:\/\/api.w.org\/{rel}","templated":true}]}}