{"id":47631,"date":"2025-11-26T10:56:38","date_gmt":"2025-11-26T08:56:38","guid":{"rendered":"https:\/\/www.lawall-stoehr.de\/shop\/?product=chill-i-rosee-likoer-05-l"},"modified":"2026-04-01T13:55:57","modified_gmt":"2026-04-01T11:55:57","slug":"chill-i-rosee-likoer-05-l","status":"publish","type":"product","link":"https:\/\/www.lawall-stoehr.de\/shop\/?product=chill-i-rosee-likoer-05-l","title":{"rendered":"<br>CHILL I- ROSEE &#8211; LIK\u00d6R  0,5 L<br>"},"content":{"rendered":"<div align=\"left\"><font size=\"1\">CHILL I- ROSEE &#8211; LIK\u00d6R  0,5 L<\/p>\n<p>        <font color=\"#666666\"><!-- IBGHTML --><\/p>\n<p align=\"center\"><font face=\"Frutiger 47 Light Condensed\"><font color=\"#000000\"><strong>Ein Kind unserer Zeit<br \/>-EIN KUSS DER SINNE-<br \/>S\u00fcss und scharf<br \/>Traubenlik\u00f6r aus Weintraubenbrand mit roten und wei\u00dfen Traubensaft zur Farbgebung<br \/><\/strong>Hergestellt von Destille Kaltenthaler. Westhofen.<\/font><\/font><\/p>\n<p><\/font><\/p>\n<p><\/font><\/div>\n<table WIDTH=\"60%\" BORDER=\"0\" align=\"left\" CELLPADDING=\"0\" CELLSPACING=\"0\"><\/p>\n<tr><\/p>\n<td width=\"53%\"><font size=\"-1\">Artikelnummer:<\/font><\/td>\n<td width=\"47%\"><font size=\"-1\"><strong>7650<\/strong><\/font><\/td>\n<p><\/tr>\n<\/table>\n","protected":false},"excerpt":{"rendered":"<p>CHILL I- ROSEE &#8211; LIK\u00d6R 0,5 L Ein Kind unserer Zeit-EIN KUSS DER SINNE-S\u00fcss und scharfTraubenlik\u00f6r aus Weintraubenbrand mit roten und wei\u00dfen Traubensaft zur FarbgebungHergestellt von Destille Kaltenthaler. Westhofen. Artikelnummer: 7650<\/p>\n","protected":false},"featured_media":47541,"comment_status":"open","ping_status":"closed","template":"","meta":[],"product_brand":[],"product_cat":[7046,7047],"product_tag":[],"class_list":{"0":"post-47631","1":"product","2":"type-product","3":"status-publish","4":"has-post-thumbnail","6":"product_cat-hochprozentiges","7":"product_cat-specials","9":"first","10":"instock","11":"taxable","12":"shipping-taxable","13":"purchasable","14":"product-type-simple"},"_links":{"self":[{"href":"https:\/\/www.lawall-stoehr.de\/shop\/index.php?rest_route=\/wp\/v2\/product\/47631"}],"collection":[{"href":"https:\/\/www.lawall-stoehr.de\/shop\/index.php?rest_route=\/wp\/v2\/product"}],"about":[{"href":"https:\/\/www.lawall-stoehr.de\/shop\/index.php?rest_route=\/wp\/v2\/types\/product"}],"replies":[{"embeddable":true,"href":"https:\/\/www.lawall-stoehr.de\/shop\/index.php?rest_route=%2Fwp%2Fv2%2Fcomments&post=47631"}],"wp:featuredmedia":[{"embeddable":true,"href":"https:\/\/www.lawall-stoehr.de\/shop\/index.php?rest_route=\/wp\/v2\/media\/47541"}],"wp:attachment":[{"href":"https:\/\/www.lawall-stoehr.de\/shop\/index.php?rest_route=%2Fwp%2Fv2%2Fmedia&parent=47631"}],"wp:term":[{"taxonomy":"product_brand","embeddable":true,"href":"https:\/\/www.lawall-stoehr.de\/shop\/index.php?rest_route=%2Fwp%2Fv2%2Fproduct_brand&post=47631"},{"taxonomy":"product_cat","embeddable":true,"href":"https:\/\/www.lawall-stoehr.de\/shop\/index.php?rest_route=%2Fwp%2Fv2%2Fproduct_cat&post=47631"},{"taxonomy":"product_tag","embeddable":true,"href":"https:\/\/www.lawall-stoehr.de\/shop\/index.php?rest_route=%2Fwp%2Fv2%2Fproduct_tag&post=47631"}],"curies":[{"name":"wp","href":"https:\/\/api.w.org\/{rel}","templated":true}]}}